77091 a multiple of 13?
False
Is 57270 a multiple of 28?
False
Is 8 a factor of 1922847?
False
Does 7 divide 345904?
False
Is 20427192 a multiple of 18?
True
Is 98393 a multiple of 7?
False
Is 38168 a multiple of 19?
False
Is 5170085 a multiple of 515?
True
Is 19066026 a multiple of 518?
True
Does 281 divide 232731?
False
Does 156 divide 204984?
True
Is 34 a factor of 3249176?
True
Is 640584 a multiple of 279?
True
Is 10864353 a multiple of 1779?
True
Is 16 a factor of 11368096?
True
Is 151547 a multiple of 238?
False
Does 19 divide 213022?
False
Does 118 divide 1784072?
False
Does 18 divide 848077?
False
Does 13 divide 280685?
False
Is 31280 even?
True
Is 141 a factor of 92637?
True
Is 442 a factor of 873651?
False
Is 98272 a multiple of 21?
False
Is 239420 a multiple of 13?
False
Is 527396 a multiple of 331?
False
Does 6 divide 906565?
False
Does 53 divide 34956203?
True
Does 241 divide 75871?
False
Is 149 a factor of 26522?
True
Is 18 a factor of 25909074?
True
Is 69520 a multiple of 3?
False
Does 160 divide 1057606?
False
Is 3227582 a multiple of 208?
False
Is 223 a factor of 370480?
False
Is 3128400 a multiple of 198?
True
Does 35 divide 1856400?
True
Is 70 a factor of 302978?
False
Is 40 a factor of 80173?
False
Is 2440683 a multiple of 3?
True
Does 48 divide 14524?
False
Is 101855 a multiple of 13?
True
Is 13 a factor of 1840449?
True
Is 331 a factor of 980977?
False
Does 24 divide 14729690?
False
Is 8 a factor of 272184?
True
Does 6 divide 279258?
True
Is 20150 a multiple of 155?
True
Is 37326 a multiple of 11?
False
Does 76 divide 1518784?
True
Does 30 divide 152670?
True
Is 745875 a multiple of 351?
True
Is 649085 a multiple of 8?
False
Is 7 a factor of 100305?
False
Does 201 divide 1261878?
True
Is 10733 a multiple of 62?
False
Does 84 divide 32080?
False
Is 367194 a multiple of 4?
False
Is 1761790 a multiple of 1193?
False
Is 15 a factor of 29325?
True
Is 55 a factor of 542685?
True
Is 277 a factor of 8759848?
True
Is 239 a factor of 865180?
True
Is 1555757 a multiple of 7?
True
Is 411 a factor of 50553?
True
Does 61 divide 932812?
True
Does 127 divide 96089?
False
Is 1478738 a multiple of 95?
False
Does 89 divide 878163?
True
Does 14 divide 4720310?
True
Does 12 divide 1626278?
False
Does 818 divide 1949044?
False
Does 56 divide 198813?
False
Is 862387 a multiple of 6?
False
Is 546 a factor of 512148?
True
Is 129 a factor of 1316832?
True
Does 112 divide 3009673?
False
Does 507 divide 1794273?
True
Does 33 divide 135199?
False
Is 11 a factor of 670857?
True
Does 13 divide 884344?
False
Is 111 a factor of 930492?
False
Does 236 divide 139712?
True
Is 45 a factor of 56205?
True
Does 75 divide 159619?
False
Does 587 divide 2027498?
True
Is 67289 a multiple of 55?
False
Is 146367 a multiple of 81?
True
Is 10158746 a multiple of 818?
False
Is 230 a factor of 98210?
True
Is 2 a factor of 127401?
False
Is 1865434 a multiple of 8?
False
Is 364686 a multiple of 457?
True
Is 852 a factor of 1094234?
False
Is 6396 a multiple of 107?
False
Is 17 a factor of 500793?
False
Is 35467 a multiple of 195?
False
Is 323 a factor of 138890?
True
Is 494 a factor of 236228?
False
Is 3364299 a multiple of 97?
False
Is 895803 a multiple of 356?
False
Does 301 divide 3044863?
False
Is 37 a factor of 1612124?
False
Is 1074076 a multiple of 310?
False
Is 16 a factor of 102096?
True
Does 97 divide 327265?
False
Is 14 a factor of 6500704?
True
Does 107 divide 1267300?
False
Is 14950 a multiple of 46?
True
Is 203 a factor of 2163777?
True
Is 282850 a multiple of 50?
True
Is 326 a factor of 1979146?
True
Is 1664769 a multiple of 306?
False
Is 270 a factor of 102600?
True
Is 5 a factor of 22523?
False
Does 6 divide 692894?
False
Is 141010 a multiple of 10?
True
Does 75 divide 1460432?
False
Is 1756160 a multiple of 224?
True
Is 299 a factor of 9025016?
True
Is 170 a factor of 2516850?
True
Is 16 a factor of 32240?
True
Does 467 divide 835463?
True
Is 11218578 a multiple of 131?
True
Is 56 a factor of 89537?
False
Is 177 a factor of 19231?
False
Does 3 divide 187584?
True
Is 815430 a multiple of 21?
True
Is 234377 a multiple of 415?
False
Is 471397 a multiple of 637?
False
Does 18 divide 1881389?
False
Does 36 divide 7308?
True
Does 106 divide 9591720?
False
Is 328440 a multiple of 56?
True
Does 624 divide 6377130?
False
Does 20 divide 457980?
True
Is 20 a factor of 2588204?
False
Is 601177 a multiple of 17?
False
Is 567 a factor of 5417685?
True
Does 136 divide 215958?
False
Is 647 a factor of 995086?
True
Does 952 divide 3417680?
True
Is 390005 a multiple of 27?
False
Does 28 divide 1080856?
True
Is 1224892 a multiple of 38?
True
Does 321 divide 780765?
False
Is 427 a factor of 2916579?
False
Is 653796 a multiple of 396?
True
Does 4 divide 33967?
False
Is 567657 a multiple of 14?
False
Does 7 divide 163317?
True
Is 332 a factor of 5666908?
True
Is 140 a factor of 5320089?
False
Does 482 divide 3256509?
False
Does 98 divide 183162?
True
Does 58 divide 96744?
True
Does 21 divide 1027425?
True
Does 43 divide 1504527?
True
Does 14 divide 475286?
True
Does 748 divide 2699739?
False
Does 745 divide 3443583?
False
Is 169 a factor of 2811206?
False
Does 27 divide 189000?
True
Is 179 a factor of 286648?
False
Is 3608722 a multiple of 296?
False
Is 530306 a multiple of 14?
True
Is 46290 a multiple of 30?
True
Does 173 divide 5093120?
True
Is 250624 a multiple of 11?
True
Is 1525605 a multiple of 101?
True
Is 319280 a multiple of 568?
False
Does 98 divide 224401?
False
Is 56071 a multiple of 22?
False
Is 11 a factor of 30910?
True
Is 41 a factor of 3403674?
False
Does 3 divide 12421?
False
Is 30 a factor of 3197156?
False
Is 26 a factor of 2006836?
True
Is 180210 a multiple of 15?
True
Is 12700426 a multiple of 514?
True
Is 39 a factor of 15110?
False
Does 50 divide 77700?
True
Does 187 divide 2763619?
False
Is 12 a factor of 17004252?
True
Does 181 divide 196139?
False
Is 70 a factor of 23870?
True
Does 13 divide 298375?
False
Does 97 divide 1450732?
True
Does 38 divide 136061?
False
Does 22 divide 790944?
True
Is 20 a factor of 39240?
True
Is 395556 a multiple of 27?
False
Does 946 divide 23443509?
False
Is 274 a factor of 466348?
True
Does 303 divide 61509?
True
Does 2 divide 399148?
True
Is 2691657 a multiple of 1179?
True
Is 14 a factor of 94724?
True
Is 171470 a multiple of 13?
True
Does 13 divide 2756592?
False
Is 3622478 a multiple of 94?
True
Is 104 a factor of 5469784?
False
Does 19 divide 8984055?
True
Is 16 a factor of 111190?
False
Is 208930 a multiple of 10?
True
Does 332 divide 2561531?
False
Is 779 a factor of 2977338?
True
Is 81 a factor of 18630?
True
Does 159 divide 384570?
False
Is 166 a factor of 385667?
False
Is 430215 a multiple of 69?
True
Is 13327 a multiple of 2?
False
Does 111 divide 220446?
True
Is 1730595 a multiple of 113?
True
Does 215 divide 1875875?
True
Is 42751 even?
False
Does 3 divide 102229?
False
Does 4 divide 14328?
True
Is 70 a factor of 1074010?
True
Is 525025 a multiple of 14?
False
Does 73 divide 78150?
False
Does 72 divide 933790?
False
Does 475 divide 2651701?
False
Is 508222 a multiple of 286?
True
Is 2841318 a multiple of 792?
False
Is 17 a factor of 388501?
True
Is 702632 a multiple of 28?
True
Does 484 divide 3774623?
False
Is 42 a factor of 1188058?
False
Does 205 divide 2914457?
False
Is 7 a factor of 769226?
False
Does 271 divide 339834?
True
Is 135247 a multiple of 261?
False
Does 475 divide 709650?
True
Is 68 a factor of 65679?
False
Is 80712 a multiple of 4?
True
Is 173 a factor of 355168?
False
Is 361 a factor of 370919?
False
Is 64641 a multiple of 29?
True
Does 195 divide 173745?
True
Is 4452611 a multiple of 10?
False
Is 54516 a multiple of 308?
True
Does 12 divide 1026716?
False
Does 7 divide 20839?
True
Is 1136 a factor of 1420430?
False
Is 85 a factor of 129910?
False
Is 25455 a multiple of 56?
False
Is 1967291 a multiple of 17?
True
Is 12446 a multiple of 14?
True
Does 22 divide 43054?
True
Is 7 a factor of 2366?
True
Is 182493 a multiple of 27?
True
Is 15 a factor of 653898?
False
Is 651 a factor of 1208630?
False
Does 11 divide 614713?
True
Does 53 divide 218890?
True
Is 115110 a multiple of 10?
True
Does 91 divide 3567132?
False
Does 40 divide 2637532?
False
Is 13 a factor of 755209?
True
Does 62 divide